{"version":"1.0","provider_name":"Aureum Advocacia","provider_url":"https:\/\/aureum.adv.br\/inicio","author_name":"bruna","author_url":"https:\/\/aureum.adv.br\/inicio\/author\/bruna\/","title":"Pens\u00e3o por morte: STF vai decidir se menor sob guarda tem direito. - Aureum Advocacia","type":"rich","width":600,"height":338,"html":"<blockquote class=\"wp-embedded-content\" data-secret=\"sgTKAqwbX5\"><a href=\"https:\/\/aureum.adv.br\/inicio\/2024\/03\/08\/elementor-5804\/\">Pens\u00e3o por morte: STF vai decidir se menor sob guarda tem direito.<\/a><\/blockquote><iframe sandbox=\"allow-scripts\" security=\"restricted\" src=\"https:\/\/aureum.adv.br\/inicio\/2024\/03\/08\/elementor-5804\/embed\/#?secret=sgTKAqwbX5\" width=\"600\" height=\"338\" title=\"&#8220;Pens\u00e3o por morte: STF vai decidir se menor sob guarda tem direito.&#8221; &#8212; Aureum Advocacia\" data-secret=\"sgTKAqwbX5\" frameborder=\"0\" marginwidth=\"0\" marginheight=\"0\" scrolling=\"no\" class=\"wp-embedded-content\"><\/iframe><script type=\"text\/javascript\">\n\/* <![CDATA[ *\/\n\/*! This file is auto-generated *\/\n!function(d,l){\"use strict\";l.querySelector&&d.addEventListener&&\"undefined\"!=typeof URL&&(d.wp=d.wp||{},d.wp.receiveEmbedMessage||(d.wp.receiveEmbedMessage=function(e){var t=e.data;if((t||t.secret||t.message||t.value)&&!\/[^a-zA-Z0-9]\/.test(t.secret)){for(var s,r,n,a=l.querySelectorAll('iframe[data-secret=\"'+t.secret+'\"]'),o=l.querySelectorAll('blockquote[data-secret=\"'+t.secret+'\"]'),c=new RegExp(\"^https?:$\",\"i\"),i=0;i<o.length;i++)o[i].style.display=\"none\";for(i=0;i<a.length;i++)s=a[i],e.source===s.contentWindow&&(s.removeAttribute(\"style\"),\"height\"===t.message?(1e3<(r=parseInt(t.value,10))?r=1e3:~~r<200&&(r=200),s.height=r):\"link\"===t.message&&(r=new URL(s.getAttribute(\"src\")),n=new URL(t.value),c.test(n.protocol))&&n.host===r.host&&l.activeElement===s&&(d.top.location.href=t.value))}},d.addEventListener(\"message\",d.wp.receiveEmbedMessage,!1),l.addEventListener(\"DOMContentLoaded\",function(){for(var e,t,s=l.querySelectorAll(\"iframe.wp-embedded-content\"),r=0;r<s.length;r++)(t=(e=s[r]).getAttribute(\"data-secret\"))||(t=Math.random().toString(36).substring(2,12),e.src+=\"#?secret=\"+t,e.setAttribute(\"data-secret\",t)),e.contentWindow.postMessage({message:\"ready\",secret:t},\"*\")},!1)))}(window,document);\n\/\/# sourceURL=https:\/\/aureum.adv.br\/inicio\/wp-includes\/js\/wp-embed.min.js\n\/* ]]> *\/\n<\/script>\n","thumbnail_url":"https:\/\/aureum.adv.br\/inicio\/wp-content\/uploads\/2024\/03\/Pensao-por-morte.png","thumbnail_width":581,"thumbnail_height":583,"description":"O menor sob guarda pode receber pens\u00e3o por morte? O menor sob guarda \u00e9 a crian\u00e7a ou adolescente cujo poder familiar dos pais foi limitado e transferido judicialmente a uma terceira pessoa. Essa pessoa passa a ser o guardi\u00e3o do jovem, prestando assist\u00eancia material, moral e educacional. Nesses casos, o ECA (Estatuto da Crian\u00e7a e do Adolescente) confere \u00e0 crian\u00e7a a condi\u00e7\u00e3o de dependente para todos os fins e efeitos de direito, inclusive previdenci\u00e1rios. Esse tema, no entanto, sempre gerou muita discuss\u00e3o na \u00e1rea previdenci\u00e1ria, devido ao grande n\u00famero de fraudes verificadas. A Reforma da Previd\u00eancia, ocorrida em 2019, deixou o menor sob guarda fora do rol dos dependentes previdenci\u00e1rios. Isso equiparou a filho apenas o enteado e&hellip;"}

Pensão por morte: STF vai decidir se menor sob guarda tem direito. - Aureum Advocacia

<blockquote class="wp-embedded-content" data-secret="sgTKAqwbX5"><a href="https://aureum.adv.br/inicio/2024/03/08/elementor-5804/">Pensão por morte: STF vai decidir se menor sob guarda tem direito.</a></blockquote><iframe sandbox="allow-scripts" security="restricted" src="https://aureum.adv.br/inicio/2024/03/08/elementor-5804/embed/#?secret=sgTKAqwbX5" width="600" height="338" title="&#8220;Pensão por morte: STF vai decidir se menor sob guarda tem direito.&#8221; &#8212; Aureum Advocacia" data-secret="sgTKAqwbX5" frameborder="0" marginwidth="0" marginheight="0" scrolling="no" class="wp-embedded-content"></iframe><script type="text/javascript">
/* <![CDATA[ */
/*! This file is auto-generated */
!function(d,l){"use strict";l.querySelector&&d.addEventListener&&"undefined"!=typeof URL&&(d.wp=d.wp||{},d.wp.receiveEmbedMessage||(d.wp.receiveEmbedMessage=function(e){var t=e.data;if((t||t.secret||t.message||t.value)&&!/[^a-zA-Z0-9]/.test(t.secret)){for(var s,r,n,a=l.querySelectorAll('iframe[data-secret="'+t.secret+'"]'),o=l.querySelectorAll('blockquote[data-secret="'+t.secret+'"]'),c=new RegExp("^https?:$","i"),i=0;i<o.length;i++)o[i].style.display="none";for(i=0;i<a.length;i++)s=a[i],e.source===s.contentWindow&&(s.removeAttribute("style"),"height"===t.message?(1e3<(r=parseInt(t.value,10))?r=1e3:~~r<200&&(r=200),s.height=r):"link"===t.message&&(r=new URL(s.getAttribute("src")),n=new URL(t.value),c.test(n.protocol))&&n.host===r.host&&l.activeElement===s&&(d.top.location.href=t.value))}},d.addEventListener("message",d.wp.receiveEmbedMessage,!1),l.addEventListener("DOMContentLoaded",function(){for(var e,t,s=l.querySelectorAll("iframe.wp-embedded-content"),r=0;r<s.length;r++)(t=(e=s[r]).getAttribute("data-secret"))||(t=Math.random().toString(36).substring(2,12),e.src+="#?secret="+t,e.setAttribute("data-secret",t)),e.contentWindow.postMessage({message:"ready",secret:t},"*")},!1)))}(window,document);
//# sourceURL=https://aureum.adv.br/inicio/wp-includes/js/wp-embed.min.js
/* ]]> */
</script>

O menor sob guarda pode receber pensão por morte? O menor sob guarda é a criança ou adolescente cujo poder familiar dos pais foi limitado e transferido judicialmente a uma terceira pessoa. Essa pessoa passa a ser o guardião do jovem, prestando assistência material, moral e educacional. Nesses casos, o ECA (Estatuto da Criança e do Adolescente) confere à criança a condição de dependente para todos os fins e efeitos de direito, inclusive previdenciários. Esse tema, no entanto, sempre gerou muita discussão na área previdenciária, devido ao grande número de fraudes verificadas. A Reforma da Previdência, ocorrida em 2019, deixou o menor sob guarda fora do rol dos dependentes previdenciários. Isso equiparou a filho apenas o enteado e&hellip;
