{"version":"1.0","provider_name":"Aureum Advocacia","provider_url":"https:\/\/aureum.adv.br\/inicio","author_name":"bruna","author_url":"https:\/\/aureum.adv.br\/inicio\/author\/bruna\/","title":"Aposentado por incapacidade permanente pode retornar ao trabalho? - Aureum Advocacia","type":"rich","width":600,"height":338,"html":"<blockquote class=\"wp-embedded-content\" data-secret=\"Fe0j4xbXHI\"><a href=\"https:\/\/aureum.adv.br\/inicio\/2023\/11\/24\/elementor-5330\/\">Aposentado por incapacidade permanente pode retornar ao trabalho?<\/a><\/blockquote><iframe sandbox=\"allow-scripts\" security=\"restricted\" src=\"https:\/\/aureum.adv.br\/inicio\/2023\/11\/24\/elementor-5330\/embed\/#?secret=Fe0j4xbXHI\" width=\"600\" height=\"338\" title=\"&#8220;Aposentado por incapacidade permanente pode retornar ao trabalho?&#8221; &#8212; Aureum Advocacia\" data-secret=\"Fe0j4xbXHI\" frameborder=\"0\" marginwidth=\"0\" marginheight=\"0\" scrolling=\"no\" class=\"wp-embedded-content\"><\/iframe><script type=\"text\/javascript\">\n\/* <![CDATA[ *\/\n\/*! This file is auto-generated *\/\n!function(d,l){\"use strict\";l.querySelector&&d.addEventListener&&\"undefined\"!=typeof URL&&(d.wp=d.wp||{},d.wp.receiveEmbedMessage||(d.wp.receiveEmbedMessage=function(e){var t=e.data;if((t||t.secret||t.message||t.value)&&!\/[^a-zA-Z0-9]\/.test(t.secret)){for(var s,r,n,a=l.querySelectorAll('iframe[data-secret=\"'+t.secret+'\"]'),o=l.querySelectorAll('blockquote[data-secret=\"'+t.secret+'\"]'),c=new RegExp(\"^https?:$\",\"i\"),i=0;i<o.length;i++)o[i].style.display=\"none\";for(i=0;i<a.length;i++)s=a[i],e.source===s.contentWindow&&(s.removeAttribute(\"style\"),\"height\"===t.message?(1e3<(r=parseInt(t.value,10))?r=1e3:~~r<200&&(r=200),s.height=r):\"link\"===t.message&&(r=new URL(s.getAttribute(\"src\")),n=new URL(t.value),c.test(n.protocol))&&n.host===r.host&&l.activeElement===s&&(d.top.location.href=t.value))}},d.addEventListener(\"message\",d.wp.receiveEmbedMessage,!1),l.addEventListener(\"DOMContentLoaded\",function(){for(var e,t,s=l.querySelectorAll(\"iframe.wp-embedded-content\"),r=0;r<s.length;r++)(t=(e=s[r]).getAttribute(\"data-secret\"))||(t=Math.random().toString(36).substring(2,12),e.src+=\"#?secret=\"+t,e.setAttribute(\"data-secret\",t)),e.contentWindow.postMessage({message:\"ready\",secret:t},\"*\")},!1)))}(window,document);\n\/\/# sourceURL=https:\/\/aureum.adv.br\/inicio\/wp-includes\/js\/wp-embed.min.js\n\/* ]]> *\/\n<\/script>\n","thumbnail_url":"https:\/\/aureum.adv.br\/inicio\/wp-content\/uploads\/2023\/11\/Incapacidade-Permanente.png","thumbnail_width":583,"thumbnail_height":585,"description":"A aposentadoria por incapacidade permanente \u00e9 um benef\u00edcio previdenci\u00e1rio concedido quando o segurado n\u00e3o possui condi\u00e7\u00f5es para realizar seu trabalho, sem previs\u00e3o de reabilita\u00e7\u00e3o. Para receber os dep\u00f3sitos, ent\u00e3o, o indiv\u00edduo deve afastar-se de todas suas demandas profissionais. E ser\u00e1 que o benefici\u00e1rio poderia voltar ao seu of\u00edcio enquanto recebe a quantia? A Lei estabelece que o aposentado por invalidez que retornar voluntariamente \u00e0 atividade sem observar o procedimento correto ter\u00e1 sua aposentadoria automaticamente cancelada. Ainda, o indiv\u00edduo corre o risco de ter que restituir os valores devidos. Para evitar o problema, caso se julgue apto a retornar \u00e0s fun\u00e7\u00f5es, o aposentado dever\u00e1 solicitar a realiza\u00e7\u00e3o de nova avalia\u00e7\u00e3o m\u00e9dica. Concluindo pela recupera\u00e7\u00e3o da capacidade laborativa, a aposentadoria&hellip;"}

A aposentadoria por incapacidade permanente é um benefício previdenciário concedido quando o segurado não possui condições para realizar seu trabalho, sem previsão de reabilitação. Para receber os depósitos, então, o indivíduo deve afastar-se de todas suas demandas profissionais. E será que o beneficiário poderia voltar ao seu ofício enquanto recebe a quantia? A Lei estabelece que o aposentado por invalidez que retornar voluntariamente à atividade sem observar o procedimento correto terá sua aposentadoria automaticamente cancelada. Ainda, o indivíduo corre o risco de ter que restituir os valores devidos. Para evitar o problema, caso se julgue apto a retornar às funções, o aposentado deverá solicitar a realização de nova avaliação médica. Concluindo pela recuperação da capacidade laborativa, a aposentadoria&hellip;
