{"version":"1.0","provider_name":"Aureum Advocacia","provider_url":"https:\/\/aureum.adv.br\/inicio","author_name":"bruna","author_url":"https:\/\/aureum.adv.br\/inicio\/author\/bruna\/","title":"Trabalhei sem carteira assianada! Esse tempo vai ser contado pra eu me aposentar? - Aureum Advocacia","type":"rich","width":600,"height":338,"html":"<blockquote class=\"wp-embedded-content\" data-secret=\"3v50cieZrF\"><a href=\"https:\/\/aureum.adv.br\/inicio\/2023\/11\/20\/elementor-5290\/\">Trabalhei sem carteira assianada! Esse tempo vai ser contado pra eu me aposentar?<\/a><\/blockquote><iframe sandbox=\"allow-scripts\" security=\"restricted\" src=\"https:\/\/aureum.adv.br\/inicio\/2023\/11\/20\/elementor-5290\/embed\/#?secret=3v50cieZrF\" width=\"600\" height=\"338\" title=\"&#8220;Trabalhei sem carteira assianada! Esse tempo vai ser contado pra eu me aposentar?&#8221; &#8212; Aureum Advocacia\" data-secret=\"3v50cieZrF\" frameborder=\"0\" marginwidth=\"0\" marginheight=\"0\" scrolling=\"no\" class=\"wp-embedded-content\"><\/iframe><script type=\"text\/javascript\">\n\/* <![CDATA[ *\/\n\/*! This file is auto-generated *\/\n!function(d,l){\"use strict\";l.querySelector&&d.addEventListener&&\"undefined\"!=typeof URL&&(d.wp=d.wp||{},d.wp.receiveEmbedMessage||(d.wp.receiveEmbedMessage=function(e){var t=e.data;if((t||t.secret||t.message||t.value)&&!\/[^a-zA-Z0-9]\/.test(t.secret)){for(var s,r,n,a=l.querySelectorAll('iframe[data-secret=\"'+t.secret+'\"]'),o=l.querySelectorAll('blockquote[data-secret=\"'+t.secret+'\"]'),c=new RegExp(\"^https?:$\",\"i\"),i=0;i<o.length;i++)o[i].style.display=\"none\";for(i=0;i<a.length;i++)s=a[i],e.source===s.contentWindow&&(s.removeAttribute(\"style\"),\"height\"===t.message?(1e3<(r=parseInt(t.value,10))?r=1e3:~~r<200&&(r=200),s.height=r):\"link\"===t.message&&(r=new URL(s.getAttribute(\"src\")),n=new URL(t.value),c.test(n.protocol))&&n.host===r.host&&l.activeElement===s&&(d.top.location.href=t.value))}},d.addEventListener(\"message\",d.wp.receiveEmbedMessage,!1),l.addEventListener(\"DOMContentLoaded\",function(){for(var e,t,s=l.querySelectorAll(\"iframe.wp-embedded-content\"),r=0;r<s.length;r++)(t=(e=s[r]).getAttribute(\"data-secret\"))||(t=Math.random().toString(36).substring(2,12),e.src+=\"#?secret=\"+t,e.setAttribute(\"data-secret\",t)),e.contentWindow.postMessage({message:\"ready\",secret:t},\"*\")},!1)))}(window,document);\n\/\/# sourceURL=https:\/\/aureum.adv.br\/inicio\/wp-includes\/js\/wp-embed.min.js\n\/* ]]> *\/\n<\/script>\n","thumbnail_url":"https:\/\/aureum.adv.br\/inicio\/wp-content\/uploads\/2023\/11\/Sem-carteira-assinada.png","thumbnail_width":586,"thumbnail_height":582,"description":"Sim, esse per\u00edodo sem registro pode e deve contar para a sua aposentadoria!Al\u00e9m disso, ter a documenta\u00e7\u00e3o correta pode fazer toda a diferen\u00e7a para conseguir esse benef\u00edcio.Vamos entender!Para que isso aconte\u00e7a, voc\u00ea precisar\u00e1 reunir provas documentais que comprovem a sua rela\u00e7\u00e3o de trabalho.Aqui est\u00e3o algumas que podem ser aceitas:&#8211; Comprovantes de pagamentos que voc\u00ea recebeu;&#8211; Conversas no WhatsApp relacionadas ao trabalho;&#8211; Fotos no ambiente de trabalho ou o uso de uniforme na empresa;&#8211; Se houver c\u00e2meras de seguran\u00e7a no local, voc\u00ea poder\u00e1 solicitar v\u00eddeos que comprovem sua presen\u00e7a e atividade na empresa.Mas o que fazer se n\u00e3o tiver todas essas provas?Ainda h\u00e1 uma maneira!Voc\u00ea pode solicitar ao INSS a apresenta\u00e7\u00e3o de testemunhas que possam depor a seu favor,&hellip;"}

Sim, esse período sem registro pode e deve contar para a sua aposentadoria!Além disso, ter a documentação correta pode fazer toda a diferença para conseguir esse benefício.Vamos entender!Para que isso aconteça, você precisará reunir provas documentais que comprovem a sua relação de trabalho.Aqui estão algumas que podem ser aceitas:&#8211; Comprovantes de pagamentos que você recebeu;&#8211; Conversas no WhatsApp relacionadas ao trabalho;&#8211; Fotos no ambiente de trabalho ou o uso de uniforme na empresa;&#8211; Se houver câmeras de segurança no local, você poderá solicitar vídeos que comprovem sua presença e atividade na empresa.Mas o que fazer se não tiver todas essas provas?Ainda há uma maneira!Você pode solicitar ao INSS a apresentação de testemunhas que possam depor a seu favor,&hellip;
